vative of -7*j**5/60 - 31*j**4/12 + j**3/6 + 116*j**2. Let n be i(-9). What is g(n)?
-1
Let k = -280 - -285. Let v(a) = -a**3 + 5*a**2 - 2*a + 9. Let l be v(k). Let r(f) be the third derivative of -7*f**4/12 - f**3/6 + 4*f**2. What is r(l)?
13
Suppose -7 = -4*j + 17. Suppose 0 = 5*p - 3*i + 10 - 25, 0 = -p - i + 3. Let a(u) = 5*u**2 + 4*u + 0*u**3 - 2*u**p - 6 + 2*u + 0*u + u**3. Give a(j).
-6
Suppose -2*j = -4*q - 11614, -3*q + 27713 = 5*j - 1361. Let z(r) = 5814*r**3 - j*r**3 + 6*r**2 + 2 + 3*r + 3*r. Calculate z(-2).
6
Suppose 3*a - 30 = -84. Let b be (5/(75/a))/((-33)/275). Let d(h) = -h**3 + 10*h**2 - h + 4. Give d(b).
-6
Let x = -133 + 141. Let b(d) = 2*d**2 - 11*d - 5. Let n(t) = t**2 - 6*t - 2. Let v(f) = -2*b(f) + 5*n(f). Determine v(x).
0
Let s(j) = 5*j**2 - 8*j + 5. Let d(l) be the first derivative of l**3/3 - l**2/2 - 12. Let w(z) = 6*d(z) - s(z). Calculate w(-6).
19
Let s(t) = t**3 - 52*t - 15. Let o be (-2 + -13)/(-3) - 744/62. Give s(o).
6
Let n = -2336 - -2333. Let m(r) = -r**3 - 9*r**2 - r + 4. Let x(w) = -w**2 + 1. Let a(b) = m(b) - 6*x(b). What is a(n)?
1
Suppose -36*y + 11*y = -50. Let w(r) = -550 + r + r**3 + 547 + r**y + 0*r. Calculate w(0).
-3
Let g(k) be the first derivative of -3*k + 2/3*k**3 - 3/2*k**2 + 1. What is g(-3)?
24
Let o(b) = -15*b + 9*b + 4856*b**2 - 4852*b**2 + 6. Calculate o(1).
4
Suppose 14*u - 3*u = 1023. Let y(l) = 92*l**3 - 3 + 3 + 2*l - 3*l**2 - 2 - u*l**3. Determine y(-4).
6
Suppose 0 = 4*b - 28 + 12. Let p(z) = -z + 2 + 3*z + b. Let l be ((-162)/108)/(-2 - 31/(-14)). What is p(l)?
-8
Let b(x) be the second derivative of x**5/20 + 5*x**4/12 - 7*x**2 + 1408*x. Calculate b(-4).
2
Let a(s) = -13*s**2 - 236*s - 36. Let r be a(-18). Let i(m) = -m**3 - m**2 - m + 20. Determine i(r).
20
Let w = 31 - 28. Let z(y) = 8*y + 12. Let i(q) = q + 1. Let r(f) = -10*i(f) + z(f). Calculate r(w).
-4
Let p(o) = o**3 + 5*o**2 - 24*o + 4. Let x(l) = 2*l**3 + 14*l**2 - 47*l + 8. Let q(r) = 5*p(r) - 2*x(r). What is q(6)?
-44
Let u(s) = -5*s**2 - s + 1. Let i(v) = 116 - 89 - 24*v + 6*v**2 + 5*v**2 + 0*v**2 + v**3. Let q be i(-13). Give u(q).
-5
Let o(b) = b**2 + 21*b - 235. Let x be -42 + 2/(((-242)/143)/(-11)). What is o(x)?
-3
Let n(g) be the third derivative of g**6/60 + 7*g**5/15 + 11*g**4/8 + 29*g**3/6 + 2318*g**2. What is n(-13)?
-62
Let v(i) = -4*i + 14*i - 3 + 42 - 43 + 36*i. What is v(1)?
42
Let q(o) = o**2 - 8*o - 15. Let s = -465 - -466. Let r = 9 + s. What is q(r)?
5
Suppose -5*g + 85 = -3*w, -3*w - 1 = 14. Let h be -1*2 + g/14. Let b be 22*(-4)/40 - h/5. Let i(l) = l - 2. Determine i(b).
-4
Let b(t) = 2*t + 1. Let z be b(3). Let l(q) = q**2 - q + 3. Let g be l(z). Suppose -3*p + g = 6*p. Let m(r) = r**2 - 3*r - 2. Give m(p).
8
Suppose 0 = 4*s - s - 3. Let h(i) = -178 + 350 - 173 + 5*i. What is h(s)?
4
Let k be (0 + 1)*(-90)/(-360). Let a(g) be the first derivative of -20 + 4/3*g**3 - 1/2*g**2 + 2*g + k*g**4. Determine a(-4).
6
Suppose 0 = -42*t + 36 + 90. Let h(k) be the first derivative of -8 + 2*k - 2/3*k**t - 1/4*k**4 + 3*k**2. Give h(-4).
10
Let i(a) = a**2 + 2. Let y be i(1). Let l(d) = 12*d**3 + 5*d**2 + 14*d**3 - 2*d + 10*d**3 - 37*d**y - 4. Give l(5).
-14
Suppose -14*s = -10*s + 3*f + 49, 5*s + 2*f + 63 = 0. Let w(u) = 2*u**2 + 27*u + 5. What is w(s)?
-8
Let i(j) = -54538 + 54520 - 9*j - 28*j. Calculate i(-1).
19
Suppose 2*b + 63 - 61 = -2*m, 0 = -4*b + 3*m + 10. Let w(p) = -37*p + 6. Calculate w(b).
-31
Let w(d) = -3*d**3 + 24*d**2 - 36*d - 2. Let q(j) = 5*j**3 - 36*j**2 + 59*j + 4. Let x(c) = -5*q(c) - 8*w(c). What is x(-12)?
80
Let q(x) = -56*x + 8. Let z be 14/(-8)*(-25 - -21). Let u(d) = -84*d + 11. Let p(i) = z*q(i) - 5*u(i). Give p(-1).
-27
Let v(x) be the third derivative of x**5/60 + x**4/3 - 7*x**3/2 - 3*x**2 - 57*x. Determine v(-11).
12
Let p(m) = m**3 + m**2 - m - 4. Let s = -47 - -55. Suppose -23*y - 38 = s. Calculate p(y).
-6
Suppose -u + 35 - 33 = 0. Suppose -4*y + u = 10. Let f(j) = -2*j**3 + 1 + 5*j + j**3 + 1 - 4*j. Determine f(y).
8
Let s(m) = -m**2 + 3*m + 1. Let n = 74 - 81. Let l be 2*(n/((-14)/5) - 1). What is s(l)?
1
Let d(x) = -x**2 - 4*x + 12. Let w be d(8). Let t be (24/(-14))/((-8)/w). Let a = -15 - t. Let j(p) = -p**2 + 2*p - 2. Calculate j(a).
-5
Let k = -26196 - -26188. Let h(f) = -6*f**2 - 50*f - 27. Give h(k).
-11
Let z = -232 - -264. Let j(p) = -p**2 + 31*p + 31. Let f be j(z). Let r(k) = 7*k**3 - k**2 - k. Determine r(f).
-7
Let v(u) be the second derivative of u**4/12 - u**3 - 11*u**2 + 117*u. Let h be v(9). Let i(b) = 0*b**2 - 3*b - b**3 + 7 + 8*b**2 - 3*b**2. What is i(h)?
-8
Suppose 0 = -11*b + 7*b - 4. Let s(y) = 371 + 5*y + 412 - 783. Give s(b).
-5
Let a(m) be the third derivative of m**6/120 - m**5/120 - m**4/4 - 6*m**2. Let k(b) be the second derivative of a(b). Let o = -172 - -171. What is k(o)?
-7
Let h = -1037 + 1054. Let r(o) = 5 - 5 - h*o + 22*o - o**2 - 3. Give r(3).
3
Let n = 501 - 499. Let o(t) = -7 - 1 + 4 + 2 + 0 - t**n + 8*t. Determine o(7).
5
Let k(m) = -4*m + 1. Let f(t) = -t - 2. Let j(q) = -7*f(q) + 2*k(q). Let u be (-8)/8*(-12 - -1). What is j(u)?
5
Let p(l) be the second derivative of -1/3*l**3 + 1/20*l**5 - 5/12*l**4 + 3*l - 34 - 4*l**2. Give p(6).
16
Let p be ((-472)/(-6) - 1/(-3))/(-1). Let i = p - -30. Let r = 54 + i. Let k(s) = s**2 - 2*s + 2. Calculate k(r).
17
Let n(s) = 5*s**2 - 22*s + 15. Let j(k) = -7*k**2 + 27*k - 15. Let l(c) = -3*j(c) - 4*n(c). What is l(-9)?
3
Suppose -8*m + 0*m = 264. Let i = 32 + m. Let b(f) be the first derivative of 11*f**2/2 - f - 1. Calculate b(i).
-12
Let l(b) be the third derivative of b**6/360 + b**5/24 - 5*b**4/24 + 89*b**3/6 - b**2. Let y(o) be the first derivative of l(o). Calculate y(-5).
-5
Let v(i) = i**2 + 11*i - 2. Let n be v(-11). Let g(x) = 52*x + 4. Let y(s) = 89*s + 7. Let p(r) = -5*g(r) + 3*y(r). Give p(n).
-13
Let b(z) = -z**2 - z + 5. Let o(x) = -1. Let y(n) = b(n) - o(n). Let f be 9/7*2842/1218. Calculate y(f).
-6
Let v(f) = -f + 15. Let l(a) = -2*a + 43. Let h(z) = 51*z - 149. Let c be h(3). Let x(y) = c*l(y) - 11*v(y). Determine x(11).
40
Let o = 10 - -257. Let a(w) = 13 - 133*w - 135*w + o*w. Let z be ((2 - 1) + 7)*1. Calculate a(z).
5
Let g(b) = -4*b**2 - b + 1. Suppose -2 = -5*q + 4*q. Suppose -12*l = -14*l + q. Calculate g(l).
-4
Let o(i) = i**3 + 15*i**2 + 14*i - 1. Let v be -5*1*((-84)/12)/35*-14. Determine o(v).
-1
Let d(y) be the second derivative of 13*y**3/6 + 5*y**2 - 1700*y. What is d(-3)?
-29
Let o(r) = -r**3 + 2*r**2 + 5*r - 2. Let u = 4915 - 4912. Determine o(u).
4
Let m be 16/(-6)*(-12)/(-8). Let w(y) = -26*y + 209. Let c(p) = -18*p + 150. Let q(r) = 7*c(r) - 5*w(r). What is q(m)?
-11
Let b(s) = s**3 + 19*s**2 + 17*s - 11. Let v be b(-18). Let l(x) = -4 + v*x + 257*x**3 - 2*x - 258*x**3 - 5*x**2. What is l(-6)?
2
Suppose 35*q + 9 = 44*q. Let n be 14/(-7) + -5 + q. Let a(u) = -u**3 - 6*u**2 + 8. Determine a(n).
8
Let v(z) = 35*z**3 + 6*z**2 - 96*z - 17. Let l(t) = 11*t**3 + t**2 - 32*t - 6. Let a(m) = -19*l(m) + 6*v(m). What is a(-15)?
-18
Suppose 0 = -2*g + 4*g - 24. Let a(b) = 3*b**2 + 11*b + 25. Let d be a(-7). Suppose -g*c = 7*c - d. Let z(p) = p**3 - 5*p**2 - 2*p + 3. Determine z(c).
-7
Let c = -6 + 6. Suppose 4*o - 8 = 0, h = -c*h + 3*o - 2. Let d(r) be the third derivative of r**6/120 - r**5/20 - r**4/6 + r**3/6 + 3136*r**2. What is d(h)?
1
Let v(b) = -2*b**2 + 7*b - 4*b + 2*b + 3 - b**3. Let y(s) = -75*s - 228. Let u be y(-3). Determine v(u).
-3
Let a(j) = -154*j**2 - 78*j + 62. Let v(g) = -37*g**2 - 19*g + 15. Let n(t) = 6*a(t) - 25*v(t). Determine n(-6).
-9
Let n(y) = y - 11. Let m(b) = b + 26. Let g = 26 - 26. Suppose -16*v + 21*v + 100 = g. Let w be m(v). Calculate n(w).
-5
Let y(w) = 14 + 17*w - 9*w - w**2 - 5*w + 50. Calculate y(10).
-6
Let v(q) = -9*q**2 + 114*q - 183. Let u(g) = 2*g**2 - 3*g - 4. Let i(b) = 6*u(b) + v(b). What is i(-34)?
-3
Suppose -b + 5*b + 3*t = 123, -25 = -5*t. Suppose 93 = b*j + 12. Let z(u) be the first derivative of u**3/3 - u**2 + 2*u + 1. What is z(j)?
5
Let m(h) = 14 - 147*h - 147*h + 443*h - 148*h. Suppose 0 = -4*r - 39 + 7. What is m(r)?
6
Suppose 1 = 5*w - 19. Let v(r) = 3 - r**3 + w*r**2 + 10*r - 7*r - r. Let n = -1167 - -1171. What is v(n)?
11
Suppose 0*b - 14 = -2*j - 2*b, 0 = -b + 3. Let w(q) = -5*q + j*q - 2*q + 2. Ca